e -4*q - q = -b. Suppose -2*f - 473 = -3*i, -i = q*f - 2*f - 152. Is i prime?
True
Let l(h) = -4 - 13*h + 8*h + 219*h**2 + 3*h. Is l(-3) composite?
False
Let t(x) = -9*x - 8. Let h(l) = -28*l - 23. Let w(s) = -4*h(s) + 11*t(s). Suppose -b - 2*f + 3 = 0, 0 = -0*b + b - 5*f - 3. Is w(b) a prime number?
True
Suppose -2*m + 4*y = -386, m - 937 = -4*m - 4*y. Let t(n) = -5*n. Let f be t(-1). Suppose m = f*q - 1716. Is q a prime number?
False
Is 112/(-12)*2778/(-8) composite?
True
Suppose 0 = 6*a + 419 + 535. Let t = 554 + a. Is t a composite number?
True
Let k = 3404 - -16143. Is k a prime number?
False
Let i = -446 - -432. Let d(h) = h**3 + 7*h**2 - 2*h - 10. Let l(q) = q**3 + 8*q**2 - q - 11. Let p(n) = 6*d(n) - 7*l(n). Is p(i) a prime number?
False
Suppose -r + 910 + 5012 = 0. Suppose -3*y = -0*o + 2*o - 5921, 0 = -3*y - 3*o + r. Is y prime?
True
Suppose 112848 = 8*r - 0*r. Suppose 19*w - r = 13*w. Is w a composite number?
False
Suppose 0 = 336*h - 333*h - 6051. Is h a composite number?
False
Suppose 0 = -125*b + 132*b - 181069. Is b prime?
True
Suppose 2*v - 7 = 1. Let p(j) = j - 1. Let r be p(v). Let k(l) = 63*l - 4. Is k(r) a prime number?
False
Suppose 2 = 4*c - 2. Let b be 3/c*10/15. Suppose 0 = -3*k - b*y + 345, 2*k + 4*y - 241 = -y. Is k a composite number?
False
Suppose -4*k + 2*t + 90 = 0, k + 5*t = 1 + 5. Suppose -6*i + 51 = k. Suppose -i*x = -x - 3476. Is x composite?
True
Let d = -25126 - -41427. Is d composite?
False
Is (-649410)/9*(9 - 84/8) a prime number?
False
Is (27/(-6) + 6)*(-27482)/(-21) a prime number?
False
Suppose -9*v = 7717 + 3218. Let h = v + 2836. Is h prime?
True
Let f(y) = -168*y**3 - y**2 + 3*y - 11. Is f(-3) prime?
True
Let r be (-1)/(0 - 3/6411). Let d = -1088 + r. Is d a prime number?
True
Suppose 3*z - 3*w + 17752 = 7*z, 2*w = -z + 4433. Is z composite?
False
Suppose 5*j + 1500 = -0*j. Let a = j - -562. Suppose i - a = -i. Is i a composite number?
False
Is (-2)/(-2)*(-2)/((-8)/67668) composite?
True
Suppose -92846 = 4*s - 237570. Is s a prime number?
False
Suppose -3060 = 6*q - 10*q + 4*f, -4*q + 3068 = -2*f. Is q prime?
True
Suppose 14 = 3*w - 2*w + 3*z, -4*z = -8. Is 2 + 878 + w + -11 composite?
False
Let s = -117 + 517. Suppose -3*u + 593 = -s. Is u a composite number?
False
Let r = 68 + 95. Is r composite?
False
Suppose 3*u + 1 - 4 = 0. Suppose -5*h + u = -9. Suppose -5*t + 277 = 2*k, -k - 4*t + 405 = h*k. Is k composite?
False
Let k be (-6)/9*(-15)/2. Suppose -5*m + 0*m + 5*q = -1475, 271 = m + k*q. Is ((-2)/(-3))/(2/m) a prime number?
True
Let h(m) = m**3 + 7*m**2 - 9*m + 3. Let d be 4/(-10) + 64/10. Let s be h(d). Suppose 6*p = 9*p - s. Is p prime?
True
Let n be 10/(-50) - (-266)/5. Let h = 89 - n. Suppose 2*r - h = 202. Is r composite?
True
Suppose -4*h - 18595 = -3*l, l - 64*h - 6197 = -63*h. Is l a prime number?
False
Is 769086/10 - (-14)/35 a composite number?
True
Suppose 576061 + 359602 = 17*b. Is b composite?
True
Suppose 2*r = -3*r + 19835. Is r composite?
False
Let t(l) = l**3 - 12*l**2 - 4*l + 9. Let s be t(10). Let o = s + 73. Let j = 235 + o. Is j a composite number?
True
Let y = -636 - 42. Let o = 182 + -637. Let k = o - y. Is k composite?
False
Let j be (2 - (-72)/(-28))*-7. Let u(g) = g**2 - 5*g + 4. Let x be u(j). Suppose 6*t - 3*t - 111 = x. Is t a composite number?
False
Let z = 23 - 0. Let c = 28 - z. Is c*(1 - (-264)/15) a prime number?
False
Let x(t) = -26*t**2 + 9*t - 5. Let c be x(-8). Let a = c + 2835. Is a composite?
True
Let c(h) = 7985*h**2 + 5*h + 5. Is c(-1) a composite number?
True
Suppose 1446 = -5*i + 12746. Suppose -4*m + 2865 = -3*s, 3*m - s - i + 110 = 0. Is m a prime number?
False
Suppose 1399 - 383 = 4*c. Is c/(-8)*192/(-24) prime?
False
Let t = -2020 + 4411. Is t composite?
True
Let a(b) = b**2 + 3*b + 1. Suppose -4*o - 4 - 8 = 0. Let m be a(o). Let u(w) = 293*w**3. Is u(m) a prime number?
True
Let d(w) be the third derivative of 103*w**5/20 - w**4/4 - 7*w**3/6 + 16*w**2. Is d(-2) a composite number?
True
Let w be 466/(6/(2 + 1)). Let l = 454 - w. Is l a prime number?
False
Let j(x) = x**2 - 7*x - 4. Let q be j(8). Suppose q*p - 206 - 638 = 0. Suppose p = 3*o - 4*b - 307, -4*b = -5*o + 874. Is o a prime number?
False
Let z = 1635 - -3896. Is z prime?
True
Let j = -41 - -43. Suppose 4*t + 2*h - 56 = j*t, 3*t - 89 = -4*h. Is t a composite number?
False
Let i(w) = 97*w**2 + 7*w + 11. Let y be ((-14)/7 - (-1 + 3)) + 0. Is i(y) a prime number?
False
Suppose -12 = 2*a + 52. Let d be (a/14 - 2)*7. Is (-12)/d - (-668)/5 composite?
True
Suppose 362709 = 8*u - 378179. Is u composite?
True
Let h(m) = 4 + 9 - 5*m + 4 + 77*m. Let s(w) = w - 1. Let x be s(7). Is h(x) a prime number?
True
Let g = -92 + 158. Let h(x) = -x**2 - 8*x - 11. Let q be h(-5). Suppose -j - g = -q*j. Is j a composite number?
True
Let m be (-17 - -17) + -1*2154. Let k = 3203 + m. Is k a composite number?
False
Let u = 39993 + 16584. Is u composite?
True
Let h(p) = 1824*p**2 - 16*p + 25. Is h(5) a composite number?
True
Suppose -22*d = -30*d + 7256. Is d a composite number?
False
Let s be (-5)/20 - 49/(-4). Suppose 0 = -3*w - s. Is (w + 2)*(-398)/4 composite?
False
Let r = 234 + -403. Let s = -864 + 1560. Let v = s + r. Is v prime?
False
Let n(l) = 21*l**2 + 5*l + 3. Let i be n(-3). Suppose 10*p - 13*p = -i. Is p composite?
False
Suppose c = 6*c - 20. Suppose -y + c*y = -n + 8, -3 = -3*y. Suppose 4*m + n*t - 303 = 0, 4*t - 74 = -m + t. Is m a composite number?
True
Let v be (0 + 0)/(0 + 30/(-10)). Let a(w) = -w - 1. Let y be a(-1). Is v + -3 + y - -14 composite?
False
Let q(f) = -589*f. Let n = 66 + -67. Is q(n) composite?
True
Let i be (0 - 19)/(1/(-23)). Suppose 2*b = i + 647. Suppose b = 4*n - 390. Is n a prime number?
True
Let m = -42 - -45. Let l(t) = 96*t**2 + 2*t - 1. Is l(m) composite?
True
Suppose -3*i = -4 - 5. Let y(a) = i*a + 5 + 2 + 5*a**2 + 6*a. Is y(-6) a prime number?
False
Let w(o) = -o**3 + 28*o**2 - 30. Is w(26) a composite number?
True
Suppose -4*f = 4*m - 12428, 3*m - 3103 = 11*f - 12*f. Is f composite?
False
Let k(p) = 38*p**2 + p + p - 3 + 4. Let n(m) = -m**3 - 15*m**2 + 17*m + 15. Let u be n(-16). Is k(u) composite?
False
Suppose 5*n = -4*t + 99, 2*n + 0*n = -5*t + 128. Suppose b - 3*b + t = -3*i, 0 = 5*i + 10. Is b a composite number?
True
Let a(d) = -7*d - 4. Let w be a(-1). Suppose -16718 = -4*c - 0*m - w*m, -2*m = -5*c + 20909. Is c a prime number?
False
Let r = 18317 + -8730. Is r a composite number?
False
Suppose 4*v - 23 = 53. Suppose -2*h + 9 = 25. Let j = h + v. Is j a prime number?
True
Let c(q) = 6*q**2 + 5*q - 5. Let o(z) = 7*z**2 + 6*z - 6. Let v(b) = -6*c(b) + 5*o(b). Let d(k) = 422*k**2 - k + 1. Let n(f) = d(f) + 3*v(f). Is n(1) prime?
True
Is (-3019)/(((-12)/8)/((-15)/(-10))) prime?
True
Let j(c) = c**3 - 9*c**2 + 8*c + 3. Let t be -12*(8/(-3) + 2). Let l be j(t). Suppose -2*g - 10 = 0, l*u + g - 489 = -17. Is u prime?
False
Let g be (2 - 16/3)*3. Let x = g + 20. Is 29/(-4)*(-120)/x a composite number?
True
Let x = 203 - -526. Suppose -4*g - x = -5765. Is g prime?
True
Let a(f) = -f**2 + 7*f - 12. Let b be a(4). Suppose x = -w + 219, b = 3*w + w + 16. Is x composite?
False
Suppose -7 - 1 = -2*x. Suppose x*i - 5*u - 1674 = 64, -2*u = 3*i - 1315. Is i composite?
True
Suppose 4*z = -0*z - 148. Let u be (56/(-2))/((-16)/64). Let x = u - z. Is x a prime number?
True
Let p = 3 + 0. Let n be ((-5)/(-2) - p)*-996. Let w = n + -239. Is w a prime number?
False
Let r(q) = 2*q**2 + 11*q - 98. Is r(15) a composite number?
True
Let o be 3*(10/3 - 3) + 1. Let m(t) = -t + 1. Let r be m(-3). Suppose -4*y = -l + 97, -o*l - r*y + 183 = -y. Is l prime?
False
Let s be (-2 + 16/12)*3183/(-2). Suppose 0 = -0*b - b + s. Is b composite?
False
Suppose -6*s + 670 + 74 = 0. Suppose -m + 39 = -s. Is m a composite number?
False
Let a(q) = -524*q + 15. Let y(j) = -175*j + 5. Let z(w) = -4*a(w) + 11*y(w). Is z(8) prime?
False
Suppose 0 = 5*g - 24 + 4. Let n(b) = 71*b + 11. Is n(g) a prime number?
False
Let o be 2/(-2) + -5 + -2. Let n(k) = 1 + k**2 - 9*k - 6 + 0*k. Is n(o) composite?
False
Suppose 1169 = 3*t - 4*q - 331, 3*t + q = 1515. Let h = t + -310. Is h composite?
True
Suppose -2326 = 4*l - 8*o + 5*o, o - 2 = 0. Let y = -259 - l. Is y prime?
False
Let s = 1 + -7. Let d(o) = -o + 2. Let l be d